**2. Let w(f) = u*g(f) + 4*j(f). What is w(-3)?
-11
Let j(p) = -p**2 + 4*p. Let g(r) = -4*r**2 + 11*r + 1. Let t(m) = 2*g(m) - 7*j(m). What is t(-5)?
7
Let w(j) = -3*j + 0*j**2 - 4 + j**2 + 7. Give w(2).
1
Let f(j) = j**2 + 6*j - 7. Let d be f(-7). Suppose 3*h + d*h = -18. Let l(c) = -c**3 - 5*c**2 + 4*c - 7. Determine l(h).
5
Let v be 7/(-1) - 2/(-1). Let b(n) be the first derivative of -1/2*n**2 + 2 - 5*n. Give b(v).
0
Let v(t) be the third derivative of -3*t**2 + 0*t + 1/6*t**3 + 0 - 1/24*t**4. Determine v(2).
-1
Let o(v) = -4*v + 3*v - 2*v + 12 + 5*v. Give o(-8).
-4
Let u(m) be the second derivative of -m**5/20 - m**4/3 + 7*m**3/6 + 3*m**2 - 119*m. Let a(q) = -q**3 - 5. Let n be a(0). Give u(n).
-4
Let p = 7 - 12. Let s(u) = u - 1. Let l(w) = -9. Let i(c) = l(c) - s(c). Determine i(p).
-3
Let l(u) = u - 4*u + 2*u + 2 + 2*u. What is l(-5)?
-3
Let w(g) be the third derivative of -g**8/2240 + g**7/2520 - 5*g**4/24 + 5*g**2. Let c(t) be the second derivative of w(t). Determine c(1).
-2
Suppose -5*w + 2*j = -40, -23 = -5*w + 4*j + 27. Let r(h) = 2*h**2 - 3*h**2 - 5 + 6*h + 1. Determine r(w).
-4
Let f(y) = 3*y**2 - 21*y + 13. Let l(t) = t**2 - 7*t + 4. Let u(m) = -2*f(m) + 7*l(m). Give u(6).
-4
Let y(h) = h - 1. Let u(g) = -g + 10. Let k be u(9). Let l(b) = 2*b - 3 + b + b**2 + k. Let n be l(-3). Determine y(n).
-3
Let a(l) = 21*l - 1. Let i be a(1). Suppose -2*n - 3*n = -3*f + 10, 0 = -n - 3*f - i. Let z(x) = -x**3 - 5*x**2 - 2*x - 2. Give z(n).
8
Let c(x) = 3*x + 6. Let o(q) = -2*q - 5. Let s(v) = 3*c(v) + 4*o(v). Suppose 2*k - 18 = 4*k. Let h be (3 - (-33)/k)*-6. Determine s(h).
2
Suppose -5*v + 18 = -2*t, v + 3*v = 2*t + 14. Let i(w) be the first derivative of -3 + 2*w - 1/2*w**2. What is i(v)?
-2
Suppose -h = 3*h. Suppose u = -4 - 1. Let c = h - u. Let q(j) = j**2 - 7*j + 2. Determine q(c).
-8
Let r(g) = 1 + 5*g**3 + 2*g**2 + 2*g - 4*g + 5*g**3. Suppose b + 5*a - a = -8, -2*b = -a - 2. Let m = 1 - b. Give r(m).
11
Let s(a) = a - 1. Let b(z) = -z**3 + 8*z**2 + z - 2. Let w be b(8). Calculate s(w).
5
Let l(b) = -b**2 + b - 8. Let x = 4 + -10. Let c(w) = -w**2 + w - 7. Let m(r) = x*l(r) + 7*c(r). What is m(2)?
-3
Let t(j) be the second derivative of j**4/12 - 7*j**3/6 + 5*j**2/2 - 2*j. What is t(6)?
-1
Let w(n) = -9*n**2 - n - 1. Let b be -1*8/(-1 - -5). Let j(i) = i**3 + i**2 - 2*i - 1. Let p be j(b). What is w(p)?
-9
Let y(l) = 11*l - 2. Let w(v) = 16*v - 3. Let c(q) = 5*w(q) - 8*y(q). What is c(-1)?
9
Let u(q) = q**2 - 4 - 2*q + 10 - 9. Give u(3).
0
Let d(t) = -t**2 + 3*t - 1. Let n(b) = b - 2. Let l be n(-3). Let z(r) = -r**2 + 3*r. Let w(i) = l*d(i) + 6*z(i). Give w(4).
1
Let h be (-1)/1 + 0 + -1. Let o(c) = -6*c + 16. Let l(i) = 4*i - 3. Let g(x) = 5*x - 3. Let w(v) = -3*g(v) + 4*l(v). Let k(r) = 2*o(r) + 11*w(r). What is k(h)?
1
Suppose -j + 4 = -2*j, -5*d + 48 = -2*j. Suppose 0 = x + 4*o - 7, 29 = 3*x + 2*o + d. Let k(m) = x*m - m**2 - 3*m + 5 - 2*m. Determine k(4).
-3
Let o = 5 - 3. Let l(w) be the second derivative of w**4/12 - w**3/3 + 3*w**2/2 + 4*w. Calculate l(o).
3
Let l(o) = -3*o - 1. Let k = -26 + 24. Calculate l(k).
5
Let o(z) = z**3 - z**2 + 5*z. Let y(n) = -n**3 + 2*n**2 - 6*n + 1. Let q(m) = -5*o(m) - 4*y(m). What is q(-3)?
-1
Let q be (10 + 2)*1/2. Let x(n) = 7*n**2 + 3*n + 12. Suppose -4*u - 18 = -2*u. Let j(p) = -3*p**2 - 2*p - 6. Let k(r) = u*j(r) - 4*x(r). Determine k(q).
6
Let d(r) = -3 + 0 + r**2 - 3*r + 7. What is d(4)?
8
Suppose -5*t + 15 - 45 = 0. Let n(b) = b + 12. What is n(t)?
6
Let d(s) be the first derivative of 7*s**2/2 + 28. What is d(2)?
14
Let t(v) = -v**2 + 5*v + 1. Let i be ((-4)/(-6))/(5/30). Give t(i).
5
Let o(m) = m**2 - m - 2. Let p be -6*(-8)/12 + 0. Suppose 2*n - 3*n - 2 = -l, -3*l + p*n + 10 = 0. Calculate o(l).
4
Let z(l) = 11*l**3 + 1. Let s(q) = 3*q**3 + 2*q**2 - 3*q. Let j be s(2). Let w be (-1)/(j/8 - 3). Let a be 1 + w*2/4. Determine z(a).
-10
Suppose -2*k + 5 = 5*w, -2*w + k + 11 = -0*w. Let g(r) = -5*r + r**2 - 2*r + 0*r**2 + 2*r - w. Calculate g(4).
-7
Let d(u) = -4*u + 3*u**3 - 4*u**3 - 5 - 5*u**2 - 3*u. Let z be (-5 + 2 + -1)/(-2). Let v = -2 - z. Give d(v).
7
Let k(o) = -5*o + 9. Let m(v) = -15*v + 23. Let d(b) = b - 1. Let y(p) = -6*d(p) - m(p). Let i(w) = 11*k(w) + 6*y(w). Determine i(-4).
1
Let n(x) = 4 - x + 2*x - 9*x - x - x**2. Give n(-9).
4
Suppose 0 = 5*j + 1 + 14. Let v(t) be the first derivative of t**4/4 + t**3/3 - 5*t**2/2 - 4*t - 5. Give v(j).
-7
Let l(o) = -5*o - 9. Let z(c) = 4*c + 8. Let g(d) = -3*l(d) - 4*z(d). What is g(-4)?
-1
Let j be (-1)/(2 + 33/(-15)). Let p(z) = -3*z**3 - 3*z**2 + 2*z**3 + j*z + 2 - 3 + 7*z**2. Give p(5).
-1
Let b(l) = -l**3 - 2. Let z(m) = -m**2 + 7*m - 8. Let v(u) = 5*u + 1. Let r be v(1). Let i be z(r). Let p be 0*(0 + 1)/i. Calculate b(p).
-2
Let z(s) = 2*s - 4 + 1 + 2 + 2. Let y(p) = 3*p + 2. Let h(j) = 4*y(j) - 5*z(j). Let n = 11 + -16. What is h(n)?
-7
Let c(z) = z**3 - z**2 - z + 6. Let b(r) = -r**2 - 5*r. Let v be (-1)/(-5) + (-42)/(-15). Suppose -v*u + 7*u + 20 = 0. Let l be b(u). Give c(l).
6
Let i(x) = x**2 - 7*x + 6. Let m be i(7). Suppose 4*j - j = -m. Let h(v) = -v**3 - v**2 - 2*v - 3. Calculate h(j).
5
Let c be (-4)/(-2) + 10/(-2). Let s(m) be the second derivative of -m**5/40 - m**4/8 + m**3/6 + 2*m. Let t(w) be the second derivative of s(w). Give t(c).
6
Let m(f) = 2*f**3 + 2*f**2 - f + 2. Let s = -7 + 5. Let c be s/(-7) + (-130)/(-35). Suppose -3*k + 2 = -c*k. Calculate m(k).
-4
Let z(b) = b**2 - 7*b - 5. Suppose -5*m + 5*x - 135 = 0, 0 = -4*x - 6 + 26. Let h be m/(-3) - (-3)/(-9). Let a be z(h). Let w(u) = -u - 3. Calculate w(a).
2
Let w(v) = -v + 5. Suppose -2*y = -4*y. Let x be w(y). Let t(k) = -k - 4. Determine t(x).
-9
Let b(l) = -l**2. Suppose 0 = 3*p - p - 6. Let a(s) be the third derivative of -s**6/120 + s**5/15 - s**4/8 + s**3/3 - 2*s**2. Let x be a(p). Determine b(x).
-4
Let s(w) = -w**3 + 3*w**2 + 3*w - 2. Let m be (-140)/(-25) + (-2)/(-5). Suppose 2*g = m*g - 16. Determine s(g).
-6
Let l(q) = -7*q. Let d(b) = b - 1. Let i(n) = -6*d(n) - l(n). Determine i(-3).
3
Let t = -13 + 9. Let d = 2 + t. Let h(s) be the third derivative of s**6/120 - s**4/6 - s**3/2 - 2*s**2. What is h(d)?
-3
Let m(g) = -8*g + 4*g - 145 + 145. Give m(-1).
4
Let o be 2/3 - 26/(-6). Let g(t) = -3 + 4*t - 12*t + 9*t. Determine g(o).
2
Let v(c) = 5*c + 2. Suppose -17*s + 1 = 52. What is v(s)?
-13
Let i(v) = v**3 + 4*v**2 + v - 2. Let b(w) = 4*w + w**2 - 7 + 4*w - 5. Suppose 38 = -4*z - 2*n, 5*z + 50 = -8*n + 3*n. Let j be b(z). Determine i(j).
4
Let h(l) = l - 1. Let d(s) be the second derivative of s**3/6 - 4*s. Let f(t) = -6*d(t) + 2*h(t). Determine f(-2).
6
Let f(b) = -b**3 - b**2. Let w be f(0). Let x(y) be the third derivative of 0 - 6*y**2 - 1/24*y**4 + 13/6*y**3 + 0*y. Determine x(w).
13
Let f(j) = j**2 - 16*j + 16. Let s be f(15). Let o(w) be the first derivative of 1/3*w**3 + s - 1/2*w**2 - 6*w. What is o(0)?
-6
Suppose -2 = d - 1. Let a(k) be the second derivative of k**4/3 - k**3/6 - k**2/2 + 5*k. Determine a(d).
4
Let n(z) = 3*z + 17*z**2 + 0 - 4 - 2*z - 16*z**2. What is n(0)?
-4
Let i(t) = t**3 - 4*t**2 - 2*t + 3. Let n = -9 - -13. What is i(n)?
-5
Let a = -3 - -4. Suppose 4 = x - a. Let f(o) be the third derivative of -o**5/60 + o**4/4 - 2*o**3/3 - 4*o**2. What is f(x)?
1
Let l be ((-44)/55)/(1 + (-16)/10). Let a(m) be the second derivative of 2*m + l*m**3 - 5/2*m**2 - 1/12*m**4 + 0. What is a(6)?
7
Let y(g) = g**2 + 6*g. Suppose 5*s = 4*n - 50, -n = 5*s - 3*n + 40. Give y(s).
0
Let a(j) = j**3 + j**2 - 4*j - 2. Suppose -5*p + 3 = -4*h + 11, 0 = -p - 4. Calculate a(h).
-8
Let i(r) = -r**3 + r + 1. Let x be (2/(-6))/(4/(-36)). Suppose t = y - x, 3*y = -0*y + 5*t + 15. Calculate i(y).
1
Suppose 5*v = 2*v. Let d(s) = -35 + 12 + 13 + s + 14. Give d(v).
4
Let i(z) = 6*z**3. Let l = 32 + -33. Determine i(l).
-6
Let p(t) be the third derivative of 0 - 7/6*t**3 + 5*t**2 + 0*t - 1/24*t**4. Determine p(-4).
-3
Suppose 0 = -m - 4*m + 35. Suppose 6 = -2*b, -2*b + m*b = 4*k + 9. Let j(g) = -g**2 - 6*g + 6. What is j(k)?
6
Let k(w) = -w**2 - w - 1. Let l(f) = -7*f - 2. Let a(t) = -k(t) - l(t). Give a(-6).
-9
Let k(z) = -2*z**2 + 2*z + 18 + z**2 - 15. Calculate k(4).
-5
Let m(w) = w**2 + 2*w. Let n be m(-3). Let g(d) = n + 0 - 4*d - 2. Let 